{"id":2299,"date":"2015-12-02T18:56:20","date_gmt":"2015-12-02T18:56:20","guid":{"rendered":"http:\/\/kwenzini.com\/main\/?page_id=2299"},"modified":"2016-05-25T08:54:02","modified_gmt":"2016-05-25T08:54:02","slug":"bookingsreservations","status":"publish","type":"page","link":"https:\/\/kwenzini.com\/main\/bookingsreservations\/","title":{"rendered":"BOOKINGS\/RESERVATIONS"},"content":{"rendered":"<p><a href=\"https:\/\/kwenzini.com\/main\/wp-content\/uploads\/2015\/10\/IMG_3515.jpg\"><img loading=\"lazy\" decoding=\"async\" class=\"alignnone size-medium wp-image-2131\" src=\"https:\/\/kwenzini.com\/main\/wp-content\/uploads\/2015\/10\/IMG_3515-300x200.jpg\" alt=\"IMG_3515\" width=\"300\" height=\"200\" srcset=\"https:\/\/kwenzini.com\/main\/wp-content\/uploads\/2015\/10\/IMG_3515-300x200.jpg 300w, https:\/\/kwenzini.com\/main\/wp-content\/uploads\/2015\/10\/IMG_3515.jpg 640w\" sizes=\"auto, (max-width: 300px) 100vw, 300px\" \/><\/a><a href=\"https:\/\/kwenzini.com\/main\/wp-content\/uploads\/2015\/07\/IMG_3532.jpg\"><img loading=\"lazy\" decoding=\"async\" class=\"alignnone size-medium wp-image-2062\" src=\"https:\/\/kwenzini.com\/main\/wp-content\/uploads\/2015\/07\/IMG_3532-300x298.jpg\" alt=\"IMG_3532\" width=\"300\" height=\"298\" srcset=\"https:\/\/kwenzini.com\/main\/wp-content\/uploads\/2015\/07\/IMG_3532-300x298.jpg 300w, https:\/\/kwenzini.com\/main\/wp-content\/uploads\/2015\/07\/IMG_3532-150x150.jpg 150w, https:\/\/kwenzini.com\/main\/wp-content\/uploads\/2015\/07\/IMG_3532.jpg 640w\" sizes=\"auto, (max-width: 300px) 100vw, 300px\" \/><\/a><\/p>\n<p>If you are a promoter and\/or venue manager and are interested in booking the band, or Dave solo please refer to the calendar on the page &#8220;GIGS\/LES CONCERTS&#8221;.The button is at the head of the page in order to plan your date(s). .All telephone numbers and e-mail addresses are on the CONTACTS link (Top of this page).<\/p>\n<p>For the type of show you may be interested in, Full band, solo or duo; why not check out the relevant links?. You can find these links on this page down on the left under the title BLOGROLL.<br \/>\nJust click on the link you need to be taken to a page containing all the info relevant to the type of thing you want to see\/hear.<\/p>\n<p>Si vous etes un promoter,directeur de salle ou patron de bar et vous etes interess\u00e9 \u00e9\u00a1 programmer le groupe,ou Dave solo chez vous merci de bien vouloir consulter la page &#8220;GIGS\/LES CONCERTS&#8221; situ\u00e9e \u00e1 la tete de cette page. afin de vous aider dans votre planning..Tous les numeros de t\u00e9l\u00e9phone et boites &#8220;e-mail&#8221; sont sur le lien CONTACTS (en haut de cette page).<\/p>\n<p>Si vous vous interessez aux formules Groupe, solo ou duo, pourquoi pas jeter un coup d&#8217;oeil sur les liens qui expliquent ce dont vous avez besoin?.Vous trouverez ces liens en bas de cette page sur la gauche sous le titre BLOGROLL.<br \/>\nIl faudrait tout simplement cliquer sur le lien qui vous amenera sur la page expliquant ce dont vous vous interesse<\/p>\n","protected":false},"excerpt":{"rendered":"<p>If you are a promoter and\/or venue manager and are interested in booking the band, or Dave solo please refer to the calendar on the page &#8220;GIGS\/LES CONCERTS&#8221;.The button is at the head of the page in order to plan your date(s). .All telephone numbers and e-mail addresses are on the CONTACTS link (Top of &hellip; <a href=\"https:\/\/kwenzini.com\/main\/bookingsreservations\/\" class=\"more-link\">Continue reading <span class=\"screen-reader-text\">BOOKINGS\/RESERVATIONS<\/span> <span class=\"meta-nav\">&rarr;<\/span><\/a><\/p>\n","protected":false},"author":2,"featured_media":0,"parent":0,"menu_order":0,"comment_status":"open","ping_status":"open","template":"","meta":{"ngg_post_thumbnail":0,"footnotes":""},"class_list":["post-2299","page","type-page","status-publish","hentry"],"_links":{"self":[{"href":"https:\/\/kwenzini.com\/main\/wp-json\/wp\/v2\/pages\/2299","targetHints":{"allow":["GET"]}}],"collection":[{"href":"https:\/\/kwenzini.com\/main\/wp-json\/wp\/v2\/pages"}],"about":[{"href":"https:\/\/kwenzini.com\/main\/wp-json\/wp\/v2\/types\/page"}],"author":[{"embeddable":true,"href":"https:\/\/kwenzini.com\/main\/wp-json\/wp\/v2\/users\/2"}],"replies":[{"embeddable":true,"href":"https:\/\/kwenzini.com\/main\/wp-json\/wp\/v2\/comments?post=2299"}],"version-history":[{"count":4,"href":"https:\/\/kwenzini.com\/main\/wp-json\/wp\/v2\/pages\/2299\/revisions"}],"predecessor-version":[{"id":2493,"href":"https:\/\/kwenzini.com\/main\/wp-json\/wp\/v2\/pages\/2299\/revisions\/2493"}],"wp:attachment":[{"href":"https:\/\/kwenzini.com\/main\/wp-json\/wp\/v2\/media?parent=2299"}],"curies":[{"name":"wp","href":"https:\/\/api.w.org\/{rel}","templated":true}]}}