{"id":231,"date":"2008-09-04T13:08:53","date_gmt":"2008-09-04T13:08:53","guid":{"rendered":"http:\/\/kwenzini.com\/main\/index.php\/discography\/"},"modified":"2018-02-18T08:35:34","modified_gmt":"2018-02-18T08:35:34","slug":"discography","status":"publish","type":"page","link":"https:\/\/kwenzini.com\/main\/discography\/","title":{"rendered":"DISCOGRAPHY"},"content":{"rendered":"<p>ANUTABU<\/p>\n<p>Recorded in Suite 16 studios,Rochdale,UK. May 1986.Engineer.C.J. Dave(gtrs\/vocals), Ian McDougall (bass\/bvx), Paul Cockroft (drums\/percussion\/vx) 4 Tracks: &#8216;HANDS OF TIME&#8221;,&#8221;TRUE LOVE&#8221;,&#8221;TOO MUCH TALKING&#8221;,&#8221;INDESTRUCTIBLE&#8221;.<\/p>\n<p>SPIRIT OF ZAFRAMOON<br \/>\n<img decoding=\"async\" id=\"image111\" src=\"https:\/\/kwenzini.com\/main\/wp-content\/uploads\/2006\/11\/spirit-of-zaframoon.thumbnail.jpg\" alt=\"spirit-of-zaframoon.jpg\" \/><\/p>\n<p>Released&#8230;.December 1996..Sorti D\u00e9cembre 1996.<\/p>\n<p>****   THIS ALBUM AVAILABLE\/CD DISPONIBLE&#8230; on iTunes only\/seulement sur itunes<\/p>\n<p>Recorded in Nov 1995. Released March 1996 under name of Leo Moon. Recorded at Tournesol Studios,La Thilouze, France.Engineer Didier Daguenel a.k.a.Doudou,Assistant Engineer,Fred Vialet. Dave(gtrs\/vx).Pat Zafra(bass).Fred Point(percussion), Thierry Lange-Berteaux(drums). Stewart Butler(sax, flute).Martin Goodall(trumpet).9 tracks: &#8220;THE BOARDER&#8221;,&#8221;OOH YEH&#8221;,&#8221;TELL ME I&#8217;M WRONG&#8221;,&#8221;RUNAROUND&#8221;,&#8221;TOY BOY&#8221;,&#8221;KNOW MYSELF&#8221;,&#8221;PLAY MY GAME&#8221;,&#8217;TOO LITTLE LOVE&#8221;,&#8221;SYMBIOSIS&#8221;.<\/p>\n<p>DRUGS OR RELIGION? <\/p>\n<p>Recorded but not yet released. Provisional release late 2018<br \/>\nEnregistr\u00e9 mais pas sorti..Pr\u00e9vu pour fin d&#8217;ann\u00e9e 2018<\/p>\n<p><a class=\"imagelink\" href=\"https:\/\/kwenzini.com\/main\/wp-content\/uploads\/2006\/11\/drugs-or-religion.jpg\" title=\"drugs-or-religion.jpg\"><img decoding=\"async\" id=\"image103\" src=\"https:\/\/kwenzini.com\/main\/wp-content\/uploads\/2006\/11\/drugs-or-religion.thumbnail.jpg\" alt=\"drugs-or-religion.jpg\" \/><\/a><\/p>\n<p>Recorded in Tours, France Sept 1997-May 1998. Engineer, Didier Daguenel a.k.a.Doudou.Assistant Engineer,Fred Vialet.As of this writing, unreleased as a disc. Dave\/Mr Skin(gtrs\/vx),Fred Point(percussion),Franck Cadet a.k.a.KD (drums),Laurent Mouillet a.k.a.Gene LeSec(bass). Olivier Gicquel(drums on 2 tracks) Patrick Gicquel,(bass on 2 tracks),Stewart Butler(sax),Nicolas Baudino (sax),Marc Borlet-Hote (trumpet),Pierre Bloch(violins),David  (accordeon).8 tracks,,&#8221;ALONE IN A CROWD&#8221;,&#8221;LOVE FOR LOVE&#8217;S SAKE&#8221;,,&#8221;LIBIDO&#8221;,&#8221;TANANANAY&#8221;,&#8221;PLAY AROUND&#8221;,&#8221;JONAH&#8221;,,&#8221;OUT OF SITE, OUT OF MIND&#8221;,&#8221;THE OTHER SIDE OF ME&#8221;.<\/p>\n<p>ONCE UPON A TIME<\/p>\n<p>Released April 2010\/Sorti Avril 2010.<\/p>\n<p>****   THIS ALBUM AVAILABLE\/CD DISPONIBLE&#8230;iTunes et cdbaby.com<\/p>\n<p><a href=\"https:\/\/kwenzini.com\/main\/wp-content\/uploads\/2008\/09\/311273_10151113814592091_969451716_n.jpg\"><img loading=\"lazy\" decoding=\"async\" src=\"https:\/\/kwenzini.com\/main\/wp-content\/uploads\/2008\/09\/311273_10151113814592091_969451716_n-300x200.jpg\" alt=\"311273_10151113814592091_969451716_n\" width=\"300\" height=\"200\" class=\"alignnone size-medium wp-image-2676\" srcset=\"https:\/\/kwenzini.com\/main\/wp-content\/uploads\/2008\/09\/311273_10151113814592091_969451716_n-300x200.jpg 300w, https:\/\/kwenzini.com\/main\/wp-content\/uploads\/2008\/09\/311273_10151113814592091_969451716_n.jpg 309w\" sizes=\"auto, (max-width: 300px) 100vw, 300px\" \/><\/a><\/p>\n<p>*** THIS CD IS AVAILABLE ON iTUNES AND CD BABY*****<br \/>\n*** CE CD EST DISPONIBLE SUR iTUNES ET CD BABY*****<\/p>\n<p>Recorded in Sint-Maarten, Netherlands Antilles November 2010 at Mozart Road studios.Engineer Dave\/Mr Skin.Dave\/Mr Skin(all guitars, bass,vx, percussion, programming). Hooker Jones (Piano),Dan Perry (Bass on &#8220;Sign Of The Times&#8221;),Greg Bowering:(Didgeridoo on &#8220;Once Upon A Time&#8221;) 7 Tracks &#8221; ONCE UPON A TIME&#8221;,&#8221;WE&#8221;,&#8221;MY STUFF&#8221;,&#8221;CHARLIE&#8221;,&#8221;ZABOU&#8221;,&#8221;DREAMBREAKER&#8221;,&#8221;SIGN OF THE TIMES&#8221;.<\/p>\n<p>DRIVING BY THE BLUES OCEAN&#8211;GIANFRANCO SEGATTO<\/p>\n<p>Released 2006\/Sorti 2006<\/p>\n<p>****   THIS ALBUM AVAILABLE\/CD DISPONIBLE&#8230;iTunes, cdbaby.com<\/p>\n<p><a class=\"imagelink\" href=\"https:\/\/kwenzini.com\/main\/wp-content\/uploads\/2006\/11\/gianfranco.jpg\" title=\"gianfranco.jpg\"><img decoding=\"async\" id=\"image101\" src=\"https:\/\/kwenzini.com\/main\/wp-content\/uploads\/2006\/11\/gianfranco.thumbnail.jpg\" alt=\"gianfranco.jpg\" \/><\/a><br \/>\nDave features on Gianfranco Segatto&#8217;s album &#8220;DRIVING BY THE BLUES OCEAN&#8221; providing lyrics and vocals for the first track:&#8221; ALL MY TEARS ARE DRY&#8221;.Recorded in St Martin 2004. Dave(vocals), Gianfranco Segatto(all instruments).Engineer: Gianfranco Segatto.<\/p>\n<p>THAT AWKWARD MOMENT<br \/>\n<a class=\"imagelink\" href=\"https:\/\/kwenzini.com\/main\/wp-content\/uploads\/2015\/01\/mrskin-thatawkwardmoment-front-cover.jpg\" title=\"mrskin-thatawkwardmoment-front-cover.jpg\"><img decoding=\"async\" id=\"image300\" src=\"https:\/\/kwenzini.com\/main\/wp-content\/uploads\/2015\/01\/mrskin-thatawkwardmoment-front-cover.thumbnail.jpg\" alt=\"mrskin-thatawkwardmoment-front-cover.jpg\" \/><\/a><\/p>\n<p>Released&#8230;January 2015\/Sorti Janvier 2015 <\/p>\n<p>*** THIS CD IS AVAILABLE ON iTUNES AND CD BABY*****<br \/>\n*** CE CD EST DISPONIBLE SUR iTUNES ET CD BABY*****<\/p>\n<p>Recorded in Civray de Touraine,Le Lavandou, Lyon, and Sint-Maarten 2013-14  Produced by Fred Vialet &#038; Mr Skin.Sound Engineer Fred Vialet.Dave\/Mr Skin: (Guitars\/keyboards\/vocals,Bass on Thick Skinned and Too Much Talking),Philippe Deyzieux: (Drums on all tracks, BVs),Edgard Mieri: (Rockabilly guitar on Pedastal, Questions Like That, and All The Time In The World), Fred Point: (Percussion and BVs on Too Much Talking,Pedastal,Livin&#8217; In Stasis,Looking For Love,Opening Time),Alex Jack:(Bass on Looking For Love)Fred Vialet,Bass guitar (on Blind Leading The Blind,), Hubert Mollard: (Bass on Pedastal,Indestructible and Livin&#8217; In Stasis),Fred Vialet:(Bass guitar on Blind Leading The Blind,All The Time In The World,Opening Time and Hands Of Time),Dan Perry:(Bass Guitar on Primitive),DC Blues,(Harmonica on Questions like That and All The Time In The World), Miek-Miek Van Rooijen:(Saxophone on Livin&#8217; In Stasis),Feue Gomez:(BVs on All The Time In The World,Looking For Love,Hands Of Time,Blind Leading The Blind, and Too Much Talking). 12 Tracks &#8220;ALL THE TIME IN THE WORLD&#8221;,&#8221;PEDASTAL&#8221;,BLIND LEADING THE BLIND&#8221;,LOOKING FOR LOVE (IN A HOLIDAY TOWN),&#8221;OPENING TIME&#8221;,&#8221;THICK SKINNED&#8221;,&#8221;INDESTRUCTIBLE&#8221;,&#8221;HANDS OF TIME&#8221;,&#8221;QUESTIONS LIKE THAT&#8221;,&#8221;TOO MUCH TALKING&#8221;,&#8221;PRIMITIVE&#8221;,&#8221;LIVIN&#8217; IN STASIS&#8221;.<\/p>\n<p>JONAH!<br \/>\nReleased February 2018\/Sorti Fevrier 2018.<\/p>\n<p>4-track maxi-single\/Nouvel CD 4-titres<a href=\"https:\/\/kwenzini.com\/main\/wp-content\/uploads\/2018\/01\/Front-Cover-2.jpg\"><img loading=\"lazy\" decoding=\"async\" src=\"https:\/\/kwenzini.com\/main\/wp-content\/uploads\/2018\/01\/Front-Cover-2-300x300.jpg\" alt=\"Front Cover 2\" width=\"300\" height=\"300\" class=\"alignnone size-medium wp-image-2774\" srcset=\"https:\/\/kwenzini.com\/main\/wp-content\/uploads\/2018\/01\/Front-Cover-2-300x300.jpg 300w, https:\/\/kwenzini.com\/main\/wp-content\/uploads\/2018\/01\/Front-Cover-2-150x150.jpg 150w, https:\/\/kwenzini.com\/main\/wp-content\/uploads\/2018\/01\/Front-Cover-2-1024x1024.jpg 1024w, https:\/\/kwenzini.com\/main\/wp-content\/uploads\/2018\/01\/Front-Cover-2.jpg 1417w\" sizes=\"auto, (max-width: 300px) 100vw, 300px\" \/><\/a><\/p>\n<p>Recorded in Civray de Touraine,Le Lavandou, Lyon, and Sint-Maarten 1998-2017  Produced by Fred Vialet &#038; Mr Skin.Sound Engineers Fred Vialet et Didier Daguenel.Dave\/Mr Skin: (Guitars\/vocals on all tracks).Franck Cadet aka K.D: (Drums on JONAH! et LOVE FOR LOVE&#8217;S SAKE).Philippe Deyzieux:(Drums on PEACE WITH A WOMAN),Thierry Lange-Bertaux:(Drums on TOO LITTLE LOVE-REMIX<br \/>\nPat Zafra: (Bass on PEACE WITH A WOMAN et TOO LITTLE LOVE-REMIX) Laurent Mouillet aka Gene Le Sec:(Bass on JONAH! et LOVE FOR LOVE&#8217;S SAKE).Fred Point: (Percussion-all tracks) Marc Borlet-Hote: (Trumpet on JONAH!, PEACE WITH A WOMAN et LOVE FOR LOVE&#8217;S SAKE&#8211;solo trumpet on LOVE FOR LOVE&#8217;S SAKE).Nicolas Baudino:(Saxophones on JONAH!, PEACE WITH A WOMAN et LOVE FOR LOVE&#8217;S SAKE).Stewart Butler: (Saxophone on TOO LITTLE LOVE, Screaming sax solo on PEACE WITH A WOMAN).Martin Goodall:(Trumpet on TOO LITTLE LOVE).Fred Vialet:(Keyboards on JONAH! et TOO LITTLE LOVE) Sylvie Bolay: (Female back vocal on JONAH!) David Viala: (Accordion on JONAH!)<br \/>\nGreg Bowering:(Didgeridoo on JONAH!..4 Tracks..&#8221;JONAH!&#8221;, &#8220;PEACE WITH A WOMAN&#8221;,&#8221;LOVE FOR LOVE&#8217;S SAKE&#8221;,&#8221;TOO LITTLE LOVE-REMIX&#8221;.  <\/p>\n","protected":false},"excerpt":{"rendered":"<p>ANUTABU Recorded in Suite 16 studios,Rochdale,UK. May 1986.Engineer.C.J. Dave(gtrs\/vocals), Ian McDougall (bass\/bvx), Paul Cockroft (drums\/percussion\/vx) 4 Tracks: &#8216;HANDS OF TIME&#8221;,&#8221;TRUE LOVE&#8221;,&#8221;TOO MUCH TALKING&#8221;,&#8221;INDESTRUCTIBLE&#8221;. SPIRIT OF ZAFRAMOON Released&#8230;.December 1996..Sorti D\u00e9cembre 1996. **** THIS ALBUM AVAILABLE\/CD DISPONIBLE&#8230; on iTunes only\/seulement sur itunes Recorded in Nov 1995. Released March 1996 under name of Leo Moon. Recorded at Tournesol &hellip; <a href=\"https:\/\/kwenzini.com\/main\/discography\/\" class=\"more-link\">Continue reading <span class=\"screen-reader-text\">DISCOGRAPHY<\/span> <span class=\"meta-nav\">&rarr;<\/span><\/a><\/p>\n","protected":false},"author":2,"featured_media":0,"parent":0,"menu_order":0,"comment_status":"open","ping_status":"open","template":"","meta":{"ngg_post_thumbnail":0,"footnotes":""},"class_list":["post-231","page","type-page","status-publish","hentry"],"_links":{"self":[{"href":"https:\/\/kwenzini.com\/main\/wp-json\/wp\/v2\/pages\/231","targetHints":{"allow":["GET"]}}],"collection":[{"href":"https:\/\/kwenzini.com\/main\/wp-json\/wp\/v2\/pages"}],"about":[{"href":"https:\/\/kwenzini.com\/main\/wp-json\/wp\/v2\/types\/page"}],"author":[{"embeddable":true,"href":"https:\/\/kwenzini.com\/main\/wp-json\/wp\/v2\/users\/2"}],"replies":[{"embeddable":true,"href":"https:\/\/kwenzini.com\/main\/wp-json\/wp\/v2\/comments?post=231"}],"version-history":[{"count":8,"href":"https:\/\/kwenzini.com\/main\/wp-json\/wp\/v2\/pages\/231\/revisions"}],"predecessor-version":[{"id":2915,"href":"https:\/\/kwenzini.com\/main\/wp-json\/wp\/v2\/pages\/231\/revisions\/2915"}],"wp:attachment":[{"href":"https:\/\/kwenzini.com\/main\/wp-json\/wp\/v2\/media?parent=231"}],"curies":[{"name":"wp","href":"https:\/\/api.w.org\/{rel}","templated":true}]}}